List the prime factors of 3485.
5, 17, 41
What are the prime factors of 13833?
3, 29, 53
List the prime factors of 5565.
3, 5, 7, 53
What are the prime factors of 5668?
2, 13, 109
What are the prime factors of 35?
5, 7
List the prime factors of 39852.
2, 3, 41
List the prime factors of 2952.
2, 3, 41
What are the prime factors of 15676?
2, 3919
List the prime factors of 30804.
2, 3, 17, 151
List the prime factors of 3675.
3, 5, 7
List the prime factors of 69863.
19, 3677
List the prime factors of 2934.
2, 3, 163
What are the prime factors of 26?
2, 13
List the prime factors of 1838.
2, 919
List the prime factors of 21263.
11, 1933
List the prime factors of 55927.
55927
List the prime factors of 19239.
3, 11, 53
List the prime factors of 47528.
2, 13, 457
List the prime factors of 5086.
2, 2543
What are the prime factors of 572?
2, 11, 13
List the prime factors of 326.
2, 163
What are the prime factors of 141083?
17, 43, 193
What are the prime factors of 94086?
2, 3, 5227
List the prime factors of 15668.
2, 3917
List the prime factors of 1262.
2, 631
What are the prime factors of 9211?
61, 151
List the prime factors of 24738.
2, 3, 7, 19, 31
List the prime factors of 1349.
19, 71
What are the prime factors of 1170?
2, 3, 5, 13
List the prime factors of 8224.
2, 257
List the prime factors of 1671.
3, 557
List the prime factors of 680.
2, 5, 17
List the prime factors of 23726.
2, 11863
What are the prime factors of 4538?
2, 2269
What are the prime factors of 950?
2, 5, 19
What are the prime factors of 8866?
2, 11, 13, 31
What are the prime factors of 71290?
2, 5, 7129
List the prime factors of 91.
7, 13
What are the prime factors of 2469?
3, 823
List the prime factors of 317.
317
List the prime factors of 735.
3, 5, 7
List the prime factors of 62659.
62659
List the prime factors of 2926.
2, 7, 11, 19
List the prime factors of 475.
5, 19
What are the prime factors of 8727?
3, 2909
What are the prime factors of 132989?
132989
List the prime factors of 4261.
4261
What are the prime factors of 480?
2, 3, 5
List the prime factors of 14609.
7, 2087
List the prime factors of 4562.
2, 2281
List the prime factors of 5857.
5857
What are the prime factors of 849?
3, 283
What are the prime factors of 34973?
41, 853
List the prime factors of 7360.
2, 5, 23
List the prime factors of 180.
2, 3, 5
List the prime factors of 35301.
3, 7, 41
What are the prime factors of 8117?
8117
List the prime factors of 65772.
2, 3, 7, 29
List the prime factors of 43904.
2, 7
List the prime factors of 948.
2, 3, 79
List the prime factors of 41674.
2, 67, 311
What are the prime factors of 55?
5, 11
What are the prime factors of 3699?
3, 137
List the prime factors of 49.
7
What are the prime factors of 1167?
3, 389
What are the prime factors of 925?
5, 37
List the prime factors of 908.
2, 227
List the prime factors of 474.
2, 3, 79
List the prime factors of 1672.
2, 11, 19
What are the prime factors of 4955?
5, 991
What are the prime factors of 30242?
2, 15121
List the prime factors of 65741.
13, 389
What are the prime factors of 28147?
7, 4021
What are the prime factors of 1486?
2, 743
List the prime factors of 19903.
13, 1531
What are the prime factors of 417?
3, 139
List the prime factors of 978.
2, 3, 163
List the prime factors of 1877.
1877
List the prime factors of 3108.
2, 3, 7, 37
List the prime factors of 2779.
7, 397
What are the prime factors of 2642?
2, 1321
List the prime factors of 6940.
2, 5, 347
List the prime factors of 24725.
5, 23, 43
What are the prime factors of 5295?
3, 5, 353
What are the prime factors of 744?
2, 3, 31
List the prime factors of 3441.
3, 31, 37
List the prime factors of 7769.
17, 457
List the prime factors of 4369.
17, 257
What are the prime factors of 65724?
2, 3, 5477
List the prime factors of 11554.
2, 53, 109
What are the prime factors of 1639?
11, 149
List the prime factors of 508.
2, 127
What are the prime factors of 746?
2, 373
List the prime factors of 8141.
7, 1163
What are the prime factors of 3888?
2, 3
List the prime factors of 13021.
29, 449
List the prime factors of 7233.
3, 2411
List the prime factors of 231.
3, 7, 11
List the prime factors of 145162.
2, 181, 401
What are the prime factors of 1192?
2, 149
What are the prime factors of 6486?
2, 3, 23, 47
What are the prime factors of 865?
5, 173
List the prime factors of 199.
199
What are the prime factors of 3772?
2, 23, 41
List the prime factors of 699.
3, 233
List the prime factors of 24673.
11, 2243
List the prime factors of 353.
353
What are the prime factors of 583?
11, 53
List the prime factors of 47932.
2, 23, 521
List the prime factors of 112543.
112543
What are the prime factors of 135085?
5, 27017
What are the prime factors of 14937?
3, 13, 383
List the prime factors of 451.
11, 41
What are the prime factors of 22089?
3, 37, 199
What are the prime factors of 25209?
3, 2801
List the prime factors of 22980.
2, 3, 5, 383
List the prime factors of 1032.
2, 3, 43
What are the prime factors of 921?
3, 307
List the prime factors of 5649.
3, 7, 269
What are the prime factors of 967?
967
List the prime factors of 4572.
2, 3, 127
What are the prime factors of 1582?
2, 7, 113
What are the prime factors of 2718?
2, 3, 151
What are the prime factors of 81?
3
List the prime factors of 895.
5, 179
List the prime factors of 2923.
37, 79
List the prime factors of 45965.
5, 29, 317
List the prime factors of 23143.
23143
List the prime factors of 35641.
29, 1229
List the prime factors of 1925.
5, 7, 11
What are the prime factors of 8080?
2, 5, 101
List the prime factors of 10941.
3, 7, 521
What are the prime factors of 557?
557
List the prime factors of 15850.
2, 5, 317
What are the prime factors of 37260?
2, 3, 5, 23
List the prime factors of 14226.
2, 3, 2371
What are the prime factors of 1839?
3, 613
List the prime factors of 5471.
5471
What are the prime factors of 3024?
2, 3, 7
What are the prime factors of 2138?
2, 1069
What are the prime factors of 1476?
2, 3, 41
List the prime factors of 215.
5, 43
List the prime factors of 20846.
2, 7, 1489
List the prime factors of 3025.
5, 11
What are the prime factors of 7605?
3, 5, 13
List the prime factors of 1798.
2, 29, 31
List the prime factors of 1563.
3, 521
List the prime factors of 482.
2, 241
What are the prime factors of 278?
2, 139
List the prime factors of 27470.
2, 5, 41, 67
List the prime factors of 81174.
2, 3, 83, 163
What are the prime factors of 2469?
3, 823
List the prime factors of 76499.
227, 337
List the prime factors of 110.
2, 5, 11
What are the prime factors of 1275?
3, 5, 17
List the prime factors of 6731.
53, 127
What are the prime factors of 9668?
2, 2417
List the prime factors of 45788.
2, 11447
List the prime factors of 1713.
3, 571
What are the prime factors of 78525?
3, 5, 349
What are the prime factors of 756?
2, 3, 7
What are the prime factors of 17077?
17077
What are the prime factors of 30494?
2, 79, 193
What are the prime factors of 9397?
9397
List the prime factors of 42932.
2, 10733
What are the prime factors of 28581?
3, 7, 1361
What are the prime factors of 36631?
7, 5233
List the prime factors of 6820.
2, 5, 11, 31
What are the prime factors of 40422?
2, 3, 6737
List the prime factors of 3880.
2, 5, 97
What are the prime factors of 5084?
2, 31, 41
List the prime factors of 14395.
5, 2879
List the prime factors of 1095.
3, 5, 73
What are the prime factors of 4160?
2, 5, 13
List the prime factors of 12684.
2, 3, 7, 151
List the prime factors of 1821.
3, 607
What are the prime factors of 60831?
3, 751
List the prime factors of 101974.
2, 67, 761
List the prime factors of 38695.
5, 71, 109
What are the prime factors of 1437?
3, 479
List the prime factors of 28980.
2, 3, 5, 7, 23
What are the prime factors of 444?
2, 3, 37
List the prime factors of 974.
2, 487
What are the prime factors of 66829?
7, 9547
List the prime factors of 6.
2, 3
List the prime factors of 1362.
2, 3, 227
List the prime factors of 2351.
2351
List the prime factors of 3948.
2, 3, 7, 47
List the prime factors of 12726.
2, 3, 7, 101
What are the prime factors of 66497?
29, 2293
List the prime factors of 2190.
2, 3, 5, 73
List the prime factors of 267.
3, 89
List the prime factors of 553.
7, 79
What are the prime factors of 477?